27 a factor of 150875477?
False
Is 12653100 a multiple of 450?
True
Is 4047 a factor of 203518804?
False
Is 332 a factor of 147691096?
False
Does 194 divide 129743921?
False
Is 1135 a factor of 1056034645?
True
Is 1706 a factor of 368629068?
True
Is 114 a factor of 25652964?
True
Is 9063620 a multiple of 4?
True
Is 29 a factor of 24354287?
True
Is 175 a factor of 4449432?
False
Is 41 a factor of 34568330?
True
Is 1012878 a multiple of 1091?
False
Is 139990534 a multiple of 451?
False
Is 3883 a factor of 45810846?
False
Does 246 divide 105800172?
True
Is 160 a factor of 1171364320?
True
Is 292 a factor of 213026264?
True
Is 92425472 a multiple of 892?
True
Is 415 a factor of 1792835716?
False
Is 522780668 a multiple of 139?
True
Does 3737 divide 104552132?
False
Is 70747606 a multiple of 18?
False
Is 1427 a factor of 9889160?
False
Does 119 divide 15977374?
False
Is 65519200 a multiple of 8?
True
Is 29 a factor of 1228392301?
False
Does 9 divide 1017169927?
False
Is 5849523 a multiple of 27?
True
Is 23 a factor of 14452914?
False
Is 74101723 a multiple of 199?
False
Is 18012612 a multiple of 3?
True
Is 25 a factor of 35068494?
False
Is 125 a factor of 229556322?
False
Does 1307 divide 126543546?
False
Is 13 a factor of 4928306786?
True
Is 39473344 a multiple of 10?
False
Is 169046731 a multiple of 8197?
True
Is 2554 a factor of 304274090?
False
Is 735932 a multiple of 7?
False
Is 51 a factor of 608677605?
True
Is 228566800 a multiple of 220?
True
Does 15 divide 176888505?
True
Does 49 divide 11505396?
True
Does 53 divide 29115073?
True
Is 690 a factor of 1187645250?
True
Is 170 a factor of 616250?
True
Does 90 divide 500668?
False
Is 200651444 a multiple of 14?
True
Is 5927 a factor of 5238115304?
False
Is 377991175 a multiple of 425?
True
Does 14 divide 23427656?
True
Is 990 a factor of 7968436?
False
Does 244 divide 107034748?
True
Does 37 divide 305226785?
False
Is 1195140872 a multiple of 1627?
False
Does 183 divide 29842908?
True
Does 59 divide 779967?
False
Is 3091 a factor of 100943036?
False
Is 3207859 a multiple of 179?
True
Is 289293875 a multiple of 53?
True
Is 4053686 even?
True
Is 15 a factor of 46561169?
False
Does 12 divide 9656676?
True
Is 132 a factor of 573008700?
True
Does 3 divide 14022067?
False
Does 2234 divide 11398236?
False
Is 7093080 a multiple of 171?
True
Is 585843147 a multiple of 309?
False
Is 210837497 a multiple of 79?
False
Is 60089235 a multiple of 3397?
False
Does 23 divide 117188505?
False
Is 1310 a factor of 2726387054?
False
Does 191 divide 73028937?
False
Is 234421772 a multiple of 221?
True
Does 69 divide 512785161?
True
Is 76 a factor of 67101294?
False
Is 80857765 a multiple of 185?
True
Is 1321845266 a multiple of 49?
True
Is 267229288 a multiple of 745?
False
Does 2006 divide 66155874?
True
Does 8 divide 95089482?
False
Is 49062387 a multiple of 6?
False
Is 23094912 a multiple of 2192?
True
Is 7 a factor of 3467191?
True
Is 10000050 a multiple of 2045?
True
Is 4 a factor of 16058680?
True
Is 672 a factor of 23424690?
False
Does 29 divide 56111665?
True
Does 3771 divide 243840402?
True
Is 261 a factor of 22505247?
True
Is 25975098 a multiple of 306?
False
Is 26 a factor of 750144495?
False
Is 1136195314 a multiple of 7916?
False
Is 871206048 a multiple of 123?
True
Is 8 a factor of 9556936?
True
Does 16 divide 8957109?
False
Is 14 a factor of 178894240?
True
Is 61 a factor of 112875612?
False
Is 37142441 a multiple of 140?
False
Is 50752916 a multiple of 149?
False
Is 1044502620 a multiple of 6909?
True
Does 92 divide 1186057468?
True
Is 206 a factor of 1994027264?
True
Is 3736 a factor of 33729188?
False
Does 13 divide 71566541?
False
Is 74 a factor of 48238990?
False
Is 50 a factor of 1377541300?
True
Is 2040 a factor of 175396234?
False
Is 207381993 a multiple of 121?
False
Is 16 a factor of 105162361?
False
Is 2044437 a multiple of 115?
False
Is 22 a factor of 25221413?
False
Is 39 a factor of 1419119?
False
Is 6526125 a multiple of 9?
True
Is 499 a factor of 22642231?
False
Is 2531565215 a multiple of 139?
False
Is 3988181511 a multiple of 1379?
False
Is 14809805 a multiple of 1445?
True
Is 812 a factor of 87020991?
False
Is 69 a factor of 167500939?
False
Is 64554461 a multiple of 130?
False
Does 11 divide 378246?
True
Is 152155800 a multiple of 45?
True
Is 3153740184 a multiple of 168?
True
Is 13 a factor of 425933001?
True
Is 51876024 a multiple of 16?
False
Is 11 a factor of 943478492?
True
Is 64 a factor of 78269632?
True
Is 3566917936 a multiple of 1016?
True
Does 10 divide 278177230?
True
Does 730 divide 2902218?
False
Is 5 a factor of 14828665?
True
Is 39972089 a multiple of 1037?
False
Does 3 divide 53613334?
False
Is 1350 a factor of 49893300?
True
Does 4642 divide 182880874?
True
Does 526 divide 248499758?
True
Is 62 a factor of 2151338?
True
Is 970871989 a multiple of 503?
True
Does 48 divide 45401760?
True
Is 21213522 a multiple of 6?
True
Is 15969668 a multiple of 286?
True
Is 54106853 a multiple of 4?
False
Is 1119950136 a multiple of 6794?
True
Is 1043317605 a multiple of 387?
False
Does 2105 divide 125218428?
False
Does 53 divide 30991804?
False
Does 1780 divide 524713740?
True
Is 213 a factor of 3320560?
False
Is 119 a factor of 91589976?
False
Is 4030 a factor of 3372219370?
True
Is 535 a factor of 324859490?
True
Does 4 divide 2456612?
True
Is 67384750 a multiple of 250?
True
Is 141694696 a multiple of 232?
True
Is 85 a factor of 12543280?
True
Is 494268454 a multiple of 21?
False
Is 1146 a factor of 73067905?
False
Is 2320522 a multiple of 18?
False
Is 9 a factor of 38383211?
False
Is 691628559 a multiple of 3167?
False
Is 165 a factor of 670777140?
True
Is 14 a factor of 645656242?
True
Is 4939315062 a multiple of 66?
True
Is 748 a factor of 9358748?
False
Is 447810205 a multiple of 13?
False
Is 60 a factor of 21488160?
True
Is 38397946 a multiple of 264?
False
Does 1110 divide 1321843638?
False
Does 307 divide 837545659?
False
Is 15779994 a multiple of 106?
False
Does 84 divide 1596372640?
False
Does 103 divide 114396229?
True
Is 978089085 a multiple of 322?
False
Does 25 divide 8146350?
True
Is 15890990 a multiple of 2338?
False
Does 41 divide 215064374?
False
Does 9 divide 471735507?
False
Is 200 a factor of 2571144?
False
Is 89659347 a multiple of 1767?
True
Does 8852 divide 4244642171?
False
Is 3658372 a multiple of 139?
False
Is 13 a factor of 435844957?
False
Is 33 a factor of 769563334?
False
Does 14 divide 172008032?
True
Does 326 divide 81321772?
False
Is 33 a factor of 4228115166?
True
Is 8452365 a multiple of 15?
True
Is 56203772 a multiple of 2399?
True
Is 480460388 a multiple of 476?
False
Is 62 a factor of 123072086?
False
Is 36 a factor of 956720880?
True
Does 163 divide 1799560561?
False
Is 99 a factor of 151207992?
False
Does 2338 divide 29171226?
True
Does 436 divide 7628256?
True
Is 2521687 a multiple of 44?
False
Is 31 a factor of 621001021?
True
Is 3002414526 a multiple of 933?
True
Is 7839 a factor of 187747678?
False
Is 31323697 a multiple of 397?
True
Is 7 a factor of 23816281?
False
Is 42380279 a multiple of 3097?
False
Is 29457190 a multiple of 70?
True
Is 33203820 a multiple of 15?
True
Is 859 a factor of 553061724?
False
Is 1066938257 a multiple of 3048?
False
Does 3 divide 27955591?
False
Is 2128 a factor of 1582750478?
False
Is 40927615 a multiple of 4427?
True
Is 17821129 a multiple of 21?
False
Does 4376 divide 1104927542?
False
Is 13 a factor of 28622043?
False
Is 70 a factor of 41399636?
False
Is 30 a factor of 14910?
True
Does 724 divide 2763049885?
False
Does 20 divide 40147980?
True
Is 3548 a factor of 424273388?
True
Is 4336256 a multiple of 908?
False
Is 186917786 a multiple of 671?
True
Is 24593551 a multiple of 170?
False
Does 23 divide 6818386?
False
Is 1273928354 a multiple of 1090?
False
Is 19 a factor of 41822401?
True
Is 619575233 a multiple of 2086?
False
Does 69 divide 75012936?
True
Does 4 divide 17225460?
True
Does 13 divide 234152542?
True
Does 562 divide 18306026?
True
Is 64581243 a multiple of 658?
False
Does 1933 divide 231762834?
True
Does 1141 divide 209179385?
False
Is 18 a factor of 21181140?
True
Is 2404 a factor of 66715791?
False
Is 24 a factor of 509136072?
True
Is 1317547474 a multiple of 704?
False
Is 4 a f